 c**2 + c + 21. Let m be p(0). What is the greatest common divisor of r and m?
21
Suppose 10*r - 8*r - 4*d = 42, -3*r + 2*d + 55 = 0. What is the highest common divisor of 459 and r?
17
Suppose 0 = 2*a - 2*t - t + 3, -t = a + 9. Let j be a/4*2*(-352)/66. What is the greatest common factor of 128 and j?
16
Let k = 1085 - 1007. What is the highest common divisor of 114 and k?
6
Let j = 560 - 119. Calculate the greatest common factor of 98 and j.
49
Let r be (-7 + 739)/2 + 3/1. What is the greatest common divisor of r and 41?
41
Let t = 381 + -332. Suppose c - 5*n = 309, 5*n = -2 - 13. What is the highest common divisor of t and c?
49
Let d be (-1 - -39)/((-6)/(-12)). What is the greatest common factor of d and 95?
19
Let f(y) = y**3 - y**2 - 5*y + 11. Let u be f(3). Calculate the highest common divisor of u and 1582.
14
Let n be ((-16)/(-12))/((-6)/(-27)) - 5. What is the highest common divisor of 45 and n?
1
Suppose -d - 2*j - 1 = 0, -3*d + 0*j - 9 = 4*j. Let c(b) = -11*b - 23. Let u be c(d). Calculate the highest common divisor of 27 and u.
27
Let z(n) be the third derivative of n**5/60 - n**4/24 + 2*n**3 - 2*n**2. Let g be z(0). Suppose 4*u - 432 = -g. What is the greatest common divisor of 15 and u?
15
Let a(o) = -3*o**3 - 26*o**2 + 6*o - 21. Let z be a(-9). Let m(x) = -x**2 - 8*x - 4. Let g be m(-4). What is the highest common divisor of z and g?
6
Let t = 1900 + -1040. What is the greatest common divisor of 80 and t?
20
Let m = 469 + -262. Let u be (-874)/57*((-2)/4 - 1). Calculate the greatest common factor of u and m.
23
Let h be -1*-6*3 - -3. Let s be 9/(-6)*12/(-9) + 187. What is the highest common divisor of s and h?
21
Let q = 62 - 55. What is the greatest common factor of 7 and q?
7
Let q(b) = b**3 - 12*b**2 - 27*b - 12. Let r be q(14). Suppose -5*z - 131 = 29. Let g be z/(-4)*1/r. What is the greatest common divisor of g and 6?
2
Let k be ((-33)/(-6))/(1/6). Let i = k - 21. Suppose -20*t + 12*t = -768. Calculate the greatest common factor of i and t.
12
Suppose -10*b + 125 = 35. Calculate the greatest common divisor of 45 and b.
9
Let w be 26/(-2)*(3 + -4). Let t = 17 - w. Let l be 0 + 3 - (-9 - t). Calculate the highest common divisor of 48 and l.
16
Let x be (-4161)/(-247) + -17 - 678/(-13). Calculate the highest common divisor of x and 48.
4
Suppose -4*u + u = -6. Suppose -t = u*m + 3, 3*t + m - 4*m = 9. Let d be (1 - -2)/(6/16). What is the highest common factor of t and d?
1
Let s(c) = c**3 + 20*c**2 - 22*c - 2. Let x be s(-21). Let a be (-4)/3*(-5 + 2). Suppose 14 = a*l - 214. What is the highest common factor of l and x?
19
Let k(w) = -23*w + 166. Let x be k(7). Let y be 4 - (-2)/(0 - -2). What is the greatest common divisor of y and x?
5
Let c(b) = -77*b - 269. Let f be c(-9). What is the greatest common factor of 265 and f?
53
Let p be (5 + 0)/(3/3). Let b = 405 + -403. Calculate the greatest common divisor of p and b.
1
Let d = 1042 + -1033. Calculate the highest common divisor of d and 18.
9
Let q(m) = -m**3 + 20*m**2 + 9*m - 28. Let l be q(20). Calculate the highest common divisor of 38 and l.
38
Let v = 2367 - 2106. Calculate the greatest common divisor of v and 29.
29
Let p = -18 - -28. Suppose 3*n = p + 89. What is the greatest common divisor of n and 33?
33
Let q = 191 + -111. Calculate the greatest common divisor of q and 10.
10
Suppose b + 4*i - 14 = 1, 0 = -4*b + 2*i + 132. Let t(x) = 27*x + 6. Let g be t(-5). Let c = b - g. Calculate the greatest common factor of c and 20.
20
Let s(n) = -n**2 + 10*n - 3. Let r be (-6)/2*5*1. Let f = -8 - r. Let w be s(f). Calculate the highest common divisor of w and 2.
2
Let j be ((-50)/(-20))/((-2)/(-4)*1). What is the highest common factor of j and 155?
5
Let i be (616/42)/((-1)/(-3)). Calculate the highest common factor of i and 16.
4
Let b = -139 + 443. Calculate the highest common divisor of 32 and b.
16
Suppose 2*d + 136 - 10 = 0. Let q be (d/12)/(3/(-12)). What is the greatest common divisor of 147 and q?
21
Suppose 2*p - 8 = 0, -4*p + 7 = 2*w - 87. Calculate the highest common divisor of 65 and w.
13
Let w be 235 - (-1 + 7 + -2). Suppose 0 = -4*g - 2*a - 0 + 2, 0 = -4*g - 5*a - 7. Let h be g/(-3) - (-195)/9. Calculate the greatest common divisor of w and h.
21
Let v = -1284 - -1349. Calculate the greatest common factor of 1885 and v.
65
Let l be (0 - 5)*60/(-25). Let x = 16 + l. Suppose 8 + x = 3*m. Calculate the greatest common factor of m and 12.
12
Suppose -5*y + 135 = 5. Let j = -6 + y. What is the highest common factor of j and 50?
10
Let q(w) = -9*w - 15. Let s be q(2). Let x be ((-11)/s)/((-2)/(-102)). What is the highest common divisor of x and 187?
17
Let s(m) = -2*m**3 + 19*m**2 - 46*m + 10. Let j be s(5). Calculate the greatest common divisor of 135 and j.
5
Let b(k) = -25*k - 4. Let c = -7 + 9. Let l be b(c). Let j = -36 - l. What is the highest common divisor of 6 and j?
6
Let h = -1136 - -1138. Calculate the highest common divisor of 6 and h.
2
Suppose 22*w - 17*w + 442 = 2*k, -5*k + 1092 = -6*w. What is the greatest common divisor of k and 486?
54
Let p(l) = 6*l**3 - 6*l**2 - 4*l + 20. Let o be p(5). What is the greatest common factor of 225 and o?
75
Let w = 206 - 201. What is the highest common divisor of 55 and w?
5
Suppose -4*o - t = 31, 0*t + 4*t = 4. Let v(n) = n**2 + 8*n + 2. Let r be v(o). Calculate the greatest common divisor of r and 2.
2
Suppose 4 = d - 1, 5*d = 3*l + 13. Suppose n = -l - 16. Let s = 42 + n. Calculate the greatest common divisor of s and 22.
22
Suppose -5*d - 5*m + 166 + 14 = 0, 5*d + 3*m = 172. What is the greatest common divisor of d and 1472?
32
Let t be (69/(-9))/(0 - 2/36). Suppose -2*u + 5*u + t = 3*r, 5*r - 2*u = 245. What is the highest common factor of r and 17?
17
Suppose -8*c = -4*c - 48. Let u be ((-8)/c)/((-2)/9). Let x = -14 - -15. What is the greatest common factor of x and u?
1
Suppose l + 0*k = 5*k - 15, -12 = -3*k. Suppose 1 - 16 = -l*d. Suppose -2*s = -4*x - 19 - 15, 3 = -d*x. Calculate the greatest common factor of 135 and s.
15
Suppose m - 2*l + 133 = 0, -2*m + l = -0*m + 254. Let x = m - -7. Let g = -46 - x. What is the greatest common factor of g and 8?
8
Let c be 3/(-6)*-2 + (-340)/(-10). Calculate the highest common factor of c and 665.
35
Let a = -14 + 19. Let r(y) = -25*y - 2. Let c be r(-4). Suppose -3*b + c = 38. Calculate the highest common factor of b and a.
5
Suppose -2*y + 922 = 2*z, 14*z = 9*z - 4*y + 2300. What is the highest common factor of 144 and z?
24
Let b(q) = -q**3 + 9*q**2 - 20*q + 33. Let h be b(6). What is the highest common factor of h and 567?
21
Suppose -7*y - 244 = -90. Let k = 38 - y. Calculate the greatest common factor of 36 and k.
12
Suppose -2*v + 8 = -112. Suppose v = 5*d - 135. Calculate the highest common divisor of 26 and d.
13
Let l(d) = d**2 - 5*d + 8. Let s be l(6). Calculate the greatest common divisor of 6 and s.
2
Let r(c) = -31*c + 12. Let a be r(-2). Suppose a*w + 204 = 77*w. Calculate the highest common divisor of w and 4.
4
Suppose 7 + 8 = f. Suppose -2*u = 7 - 27. What is the greatest common factor of f and u?
5
Suppose 5*s = 8 - 3. Let f(r) = -2 - 6 + s - 1 + 3*r. Let j be f(6). What is the highest common factor of j and 4?
2
Let y be 7/42*-3*-10. What is the highest common factor of 145 and y?
5
Let w = -141 + 158. What is the highest common divisor of w and 153?
17
Suppose -523 + 203 = -10*a. What is the greatest common divisor of a and 168?
8
Let u be 2/(-3) - (-6830)/(-15). Let v = -295 - u. Suppose -5*o + 2*o + 54 = 3*x, 97 = 4*x - o. What is the highest common divisor of v and x?
23
Let m be (318/1 - 4) + -4. Suppose 4*y - 34 = -5*r, 4*r = -5*y + 4*y + 36. What is the highest common divisor of r and m?
10
Let t = 92 - 45. What is the highest common factor of 517 and t?
47
Let l be 9 - (-8 - (14 - -5)). Calculate the greatest common factor of 1116 and l.
36
Let z = 124 - 70. Suppose 3*v = -5*p + 89 + 372, 2*p + 334 = 2*v. What is the highest common divisor of v and z?
54
Let y be (-3 + -2 + 2)*-20. Let u be (1/(-2))/((-6)/y). Suppose k - 3*p = -9, -2*p + u = -2*k + 3. What is the highest common divisor of 3 and k?
3
Let p be (-444)/(-20) + 2 + 1/(-5). Calculate the highest common divisor of 40 and p.
8
Suppose 7 = n + 2. Suppose -3*r + n*z - 4 = -1